(-2). Let l = 59 - v. Does 9 divide l?
True
Does 9 divide (-196)/(-6) - (-1)/3?
False
Suppose -n = -6*n - 3*b + 141, 3*b - 33 = -n. Does 9 divide n?
True
Does 24 divide ((-4)/(-6))/(20/1440)?
True
Suppose 3*z + 4 = 4*n + 11, -3*z = 2*n - 1. Let t be z/(-2)*2 - 6. Let v = -2 - t. Is v a multiple of 5?
True
Let p(s) = s**3 + 10*s**2 + 6*s - 12. Does 7 divide p(-9)?
False
Suppose 4*a + 5*i = -61, -50 = 4*a + a + i. Is (-16)/(-72) + (-160)/a a multiple of 9?
True
Let f(m) = -2*m - 24. Is f(-18) a multiple of 12?
True
Let h = 34 - 57. Let r = h - -51. Does 7 divide r?
True
Suppose 5*s + 2*i - 24 = 0, s + 1 = 4*i - 3. Suppose 5*p - 58 = -3*j + 2, s*p = -3*j + 45. Does 15 divide p?
True
Let q(y) be the second derivative of -y**5/20 + 5*y**4/12 + 7*y**3/6 - 5*y**2/2 - y. Let w be q(6). Does 6 divide 12/((4 - w) + -2)?
True
Suppose 4*n = 4*x - 36, -x + 14 = 7*n - 3*n. Is x a multiple of 5?
True
Suppose 4*u - 10 = 22. Is u - 2/6*3 a multiple of 7?
True
Does 11 divide (-4)/(-6) + 660/9?
False
Let k(d) = 191*d + 4. Does 39 divide k(1)?
True
Suppose 107 + 5 = 4*v. Is v a multiple of 14?
True
Suppose -t + 0*t = -5*u + 22, 2*t + 16 = 3*u. Suppose 39 = u*k - 1. Does 7 divide k?
False
Suppose 0 = 4*x - 6*x + 54. Let c = -3 + x. Is 12 a factor of c?
True
Let h(d) = 2*d**3 - 4*d**2 - 4. Let j be h(3). Let t = j - -25. Does 10 divide t?
False
Suppose -308 = -3*m + 82. Does 8 divide m?
False
Is -10*(9/15)/(-1) a multiple of 5?
False
Suppose -3*w + 5 + 10 = 0. Suppose 5*r = 5*f + 15, 0 = -w*r + 13 - 3. Is ((-4)/(-1))/(f/(-2)) a multiple of 8?
True
Suppose -3*l - 1 = -2*l. Is 2 a factor of (-1)/(l/(-5)*-1)?
False
Suppose -8 - 1 = -3*o. Is o a multiple of 2?
False
Let v(n) = 2*n - 5. Let d be v(5). Suppose s - 3*r - 16 = 0, 0*s + 1 = -2*s - d*r. Suppose -2*q = -5*z + 27, 2*z = z + 2*q + s. Does 3 divide z?
False
Let a(v) = 2*v - 7. Is a(15) a multiple of 17?
False
Let w = -409 - -761. Let y = w - 251. Does 31 divide y?
False
Suppose 25*f = 26*f - 10. Is f even?
True
Let j be ((-3)/2)/((-3)/204). Suppose 2 = -4*f + j. Is 16 a factor of f?
False
Let k(g) = -g**3 + 12*g**2 - 11*g + 8. Let z be k(11). Let m = z + -6. Does 2 divide m?
True
Let n(r) = r**3 - 15*r**2 + 15*r + 4. Is 6 a factor of n(14)?
True
Is 16 a factor of 137 + 4 + (2 - -1)?
True
Suppose -5*t - x + 70 = 0, 0 = 2*t - 4*x + 2*x - 16. Is 13 a factor of t?
True
Let o = 240 - -21. Is o a multiple of 29?
True
Let a(l) = 6*l + 3. Let u be 2/2*25/5. Does 11 divide a(u)?
True
Suppose -9*g - 36 = -3*n - 11*g, n - 13 = -g. Is n a multiple of 10?
True
Suppose -3*v - 26 - 148 = 0. Let y = v - -133. Is y a multiple of 13?
False
Suppose -z = -3*y + 2*y - 67, z = -1. Is 2 a factor of 6/(-15) - y/20?
False
Suppose -16*n = -276 - 172. Is n a multiple of 4?
True
Suppose -p - 5 = -2. Is 12 a factor of 38/p*-3 - 2?
True
Let c(g) = 9*g. Let k be c(4). Let t be (1/3)/(3/k). Suppose 0 = -5*m + t*m + 14. Is 7 a factor of m?
True
Suppose 3*d = -2*d + 50. Suppose d = 2*r, x + 6 = r + 3*r. Is 7 a factor of x?
True
Is 15 a factor of (-200)/(-2) + (0 - 0)?
False
Suppose 4*x - 5*z + 3*z - 8 = 0, 0 = x - 2*z + 4. Suppose 7*a = 2*a + 3*h + 7, 2*h - 8 = -3*a. Suppose x = -4*j, -5 = 4*t + a*j - 27. Is t a multiple of 3?
True
Suppose 6*i - 89 - 13 = 0. Suppose 4*a - i = 83. Is a a multiple of 7?
False
Let c(v) = -4*v + 6. Let j = -19 - -11. Let s be c(j). Suppose 4 - s = -d. Is 9 a factor of d?
False
Let c be ((-67)/(-5) - 3)*-20. Let u = c + 324. Is u a multiple of 30?
False
Let b be (2 + -2 + -1)*-2. Suppose b*l + 3*n - 60 = 6*n, 2*l + 2*n - 60 = 0. Is 12 a factor of l?
False
Let h be 1*(-2 + 0 - -12). Suppose -3*b + 26 = -4*r + 2*r, -2*r - b = h. Is r*5/((-70)/12) a multiple of 3?
True
Let n be (15/3)/(2/10). Suppose g - 6*g = -n. Is g a multiple of 5?
True
Let y(v) = v**3 - v**2. Let c be y(0). Suppose 4*g = -c*x + 2*x + 54, -2*g - 3*x = -31. Does 10 divide g?
False
Let j(m) = -m**3 - m**2 + m + 1. Let v(x) = 5*x**3 - 8*x**2 + 6*x + 7. Let r(s) = 6*j(s) - v(s). Let y be r(1). Let q = y + 15. Is q a multiple of 2?
False
Let s be 62 - (-2 + 3 - -1). Suppose s = h - 0*h. Suppose -4*a + 24 = -h. Does 13 divide a?
False
Suppose -5*v + 17 = b + 40, 3*v + 5*b + 5 = 0. Let s(m) = -m**3 - 6*m**2 - 5*m + 6. Let u be s(v). Let l = u + 5. Is l a multiple of 11?
True
Suppose 7*a - 80 = -3*a. Is 8 a factor of a?
True
Suppose -3*a = t - 3, -9 = -0*t - 3*t. Let z be 47*-6 - (-3 - a). Does 12 divide z/(-6) + (-2)/4?
False
Let x = 5 + -11. Is 16 a factor of (-2 + (-4)/x)*-12?
True
Suppose 0 = -18*n + 334 + 1052. Is 3 a factor of n?
False
Let p(x) = -11*x**2 + 15. Let r(z) = 6*z**2 - 8. Let m(f) = -3*p(f) - 5*r(f). Is m(-5) a multiple of 15?
False
Let u(y) = y**3 + y**2 - 2*y - 9. Let f be u(7). Suppose 3*l - 3*d + 288 = 0, 0 = 4*l - 0*l - d + f. Let t = 129 + l. Is t a multiple of 19?
True
Suppose 3*n - 5*l - 38 = 0, -3*n + 2*l + 12 = -2*n. Is 9 a factor of ((-21)/4)/((-6)/n)?
False
Suppose -4*c + 3*k = 4, 0*k = -5*k + 20. Suppose -4*j + 430 = -2*r, 0*r = c*r - 10. Suppose 0 = -5*u + 3*u + j. Is u a multiple of 19?
False
Suppose -q - 110 = 4*q. Let v = 67 + q. Is 9 a factor of v?
True
Let h(r) = -43*r + 45. Is h(-9) a multiple of 18?
True
Is 23 a factor of (-1017)/(-12) - -1*(-3)/(-12)?
False
Suppose 5*d - 5*b + 50 = -50, 0 = 4*d - 2*b + 88. Let y be (d/10)/(30/(-1300)). Is y/(-6)*12/(-8) a multiple of 13?
True
Let y be (-1)/(-6) - (-329)/42. Suppose -l + 22 + y = 0. Is 15 a factor of l?
True
Suppose 0 = -4*m + 2*f - 18, -f + 17 = -4*m + 2. Is 33 a factor of 4 - 3 - 294/m?
True
Let m be (2/3)/((-1)/(-3)). Let c(q) = -m*q + q + 5 - 2. Is 2 a factor of c(0)?
False
Let w = -9 + 2. Let s = w + 17. Is s a multiple of 7?
False
Let w(j) = j + 6. Let a be w(-6). Suppose a = -3*f + 22 - 10. Does 2 divide (-1)/(-2)*f - -3?
False
Suppose -207 = -4*w + 121. Suppose w = 6*g - 14. Does 9 divide g?
False
Let s(r) = -r**2 - 7*r + 3. Let j be s(-7). Does 9 divide 21*(-2 + 8/j)?
False
Let n(h) = h**2 + 3*h + 72. Does 36 divide n(0)?
True
Let f = 4 - 8. Let z(m) = m**2 + 3*m + 4. Is 4 a factor of z(f)?
True
Let q(l) = l**2 - 10*l + 9. Let o be q(9). Suppose 7 = v - 3*p, 2*v - p = -o*v + 19. Is v a multiple of 10?
True
Let o(r) = 7*r - 3. Let t be o(3). Suppose -2*v + 22 = -t. Is 10 a factor of v?
True
Let t be (36/(-20))/((-4)/20). Does 10 divide 2/t - 410/(-18)?
False
Let k = -15 + 16. Let t = k + 21. Is 12 a factor of t?
False
Let c(z) = -z + 7. Let f be c(3). Suppose 2*x - 28 = -5*s, -f*x + 5*s + 92 = -x. Is x a multiple of 24?
True
Let w(f) = -2*f + 7. Let b(p) = 3*p - 6. Let n(a) = 3*b(a) + 4*w(a). Let i be n(-7). Let r = 7 - i. Does 2 divide r?
True
Let k be 24/(-42)*(-21)/3. Suppose 63 = -a + k*a. Is 21 a factor of a?
True
Let h(f) = -2 + 5 - 1 + 28*f. Is h(1) a multiple of 19?
False
Suppose -i + 52 = -4*c, -4*c - 155 - 5 = -4*i. Suppose 2*o = -0*o + i. Is o a multiple of 9?
True
Let y = -19 + 12. Let s = 11 + y. Suppose 0*v = s*v - 36. Is v a multiple of 9?
True
Let y(b) = -2*b + 6. Let z be y(-14). Suppose -c + z = -0*c. Is 17 a factor of c?
True
Suppose 4 = r + 5*z - 4*z, 55 = 5*r - 2*z. Let g = -4 + r. Suppose g*l = 25 + 55. Is 10 a factor of l?
False
Suppose -7*z + 10*z - 177 = 3*r, 0 = 4*z + r - 236. Does 13 divide z?
False
Let v = -51 + 7. Let a = 93 + v. Does 15 divide a?
False
Suppose -4*c - 8 + 0 = 0. Let i be (1/c)/((-1)/8). Suppose n - 52 = -i*o - 20, -5*n = -2*o - 50. Does 12 divide n?
True
Suppose 2*t + 3*y + 30 = 0, 4 = -0*y - 2*y. Let i be 1*3*t/(-9). Suppose -49 = -4*j - i*q + q, 2*j - q - 27 = 0. Does 13 divide j?
True
Let b be (-3)/(-5) - 4932/(-30). Let z(c) = 7*c**2 + 2*c - 1. Let h be z(1). Suppose -3*a = -h*a + b. Is a a multiple of 11?
True
Is (3 - -29)*(-3)/(-4) a multiple of 24?
True
Let p(g) = 3*g + g**3 + g**3 - g**3 - 5*g**2 - 6. Is 16 a factor of p(6)?
True
Let d = 103 - 31. Suppose -d = -q - 3*q. Is q a multiple of 9?
True
Let p = 4 - 1. Suppose 2*h - 46 = -2*l + 6, 4*h = -p*l + 75. Does 13 divide l?
False
Let m be 2 + -4 + 0 + 12. Let x = 28 - m. Is x a multiple of 8?
False
Let p(i) = i**2 + 5*i + 2. Does 13 divide p(3)?
True
Let m(f) be the third derivative of f**5/30 - f**4/8 - 2*f**3/3 + 4*f**2. Is m(3) a multiple of 3?
False
Let f(i) = -i + 1. Let x be f(5). Let z = x - -6. Suppose z*s = 37 + 9. Does 6 divide s?
False
Suppos